{"id":94,"date":"2022-06-21T17:50:58","date_gmt":"2022-06-21T17:50:58","guid":{"rendered":"https:\/\/cyber-lab.com.mx\/website\/?page_id=94"},"modified":"2022-07-06T20:03:34","modified_gmt":"2022-07-06T20:03:34","slug":"contacto","status":"publish","type":"page","link":"https:\/\/cyber-lab.com.mx\/website\/index.php\/contacto\/","title":{"rendered":"Contacto"},"content":{"rendered":"\t\t<div data-elementor-type=\"wp-page\" data-elementor-id=\"94\" class=\"elementor elementor-94\">\n\t\t\t\t\t\t\t\t\t<section class=\"elementor-section elementor-top-section elementor-element elementor-element-b470de5 elementor-section-height-min-height elementor-section-boxed elementor-section-height-default elementor-section-items-middle\" data-id=\"b470de5\" data-element_type=\"section\" data-settings=\"{&quot;background_background&quot;:&quot;classic&quot;,&quot;_ha_eqh_enable&quot;:false}\">\n\t\t\t\t\t\t\t<div class=\"elementor-background-overlay\"><\/div>\n\t\t\t\t\t\t\t<div class=\"elementor-container elementor-column-gap-default\">\n\t\t\t\t\t<div class=\"elementor-column elementor-col-100 elementor-top-column elementor-element elementor-element-c427b8c\" data-id=\"c427b8c\" data-element_type=\"column\">\n\t\t\t<div class=\"elementor-widget-wrap elementor-element-populated\">\n\t\t\t\t\t\t\t\t<div class=\"elementor-element elementor-element-9d96d51 elementor-widget elementor-widget-heading\" data-id=\"9d96d51\" data-element_type=\"widget\" data-widget_type=\"heading.default\">\n\t\t\t\t<div class=\"elementor-widget-container\">\n\t\t\t<style>\/*! elementor - v3.10.0 - 09-01-2023 *\/\n.elementor-heading-title{padding:0;margin:0;line-height:1}.elementor-widget-heading .elementor-heading-title[class*=elementor-size-]>a{color:inherit;font-size:inherit;line-height:inherit}.elementor-widget-heading .elementor-heading-title.elementor-size-small{font-size:15px}.elementor-widget-heading .elementor-heading-title.elementor-size-medium{font-size:19px}.elementor-widget-heading .elementor-heading-title.elementor-size-large{font-size:29px}.elementor-widget-heading .elementor-heading-title.elementor-size-xl{font-size:39px}.elementor-widget-heading .elementor-heading-title.elementor-size-xxl{font-size:59px}<\/style><h1 class=\"elementor-heading-title elementor-size-xl\">\u00a1Cont\u00e1ctanos y juntos modernicemos tu laboratorio!<\/h1>\t\t<\/div>\n\t\t\t\t<\/div>\n\t\t\t\t<div class=\"elementor-element elementor-element-9f51f18 elementor-widget elementor-widget-text-editor\" data-id=\"9f51f18\" data-element_type=\"widget\" data-widget_type=\"text-editor.default\">\n\t\t\t\t<div class=\"elementor-widget-container\">\n\t\t\t<style>\/*! elementor - v3.10.0 - 09-01-2023 *\/\n.elementor-widget-text-editor.elementor-drop-cap-view-stacked .elementor-drop-cap{background-color:#818a91;color:#fff}.elementor-widget-text-editor.elementor-drop-cap-view-framed .elementor-drop-cap{color:#818a91;border:3px solid;background-color:transparent}.elementor-widget-text-editor:not(.elementor-drop-cap-view-default) .elementor-drop-cap{margin-top:8px}.elementor-widget-text-editor:not(.elementor-drop-cap-view-default) .elementor-drop-cap-letter{width:1em;height:1em}.elementor-widget-text-editor .elementor-drop-cap{float:left;text-align:center;line-height:1;font-size:50px}.elementor-widget-text-editor .elementor-drop-cap-letter{display:inline-block}<\/style>\t\t\t\t<h3 style=\"text-align: center;\"><span style=\"color: #00a1cd;\">\u00bfEstas listo para dar el primer paso y poder llevar tu\u00a0 laboratorio a cualquier lugar y en cualquier dispositivo? <\/span><\/h3><h3 style=\"text-align: center;\"><span style=\"color: #00a1cd;\"><strong>CyberLab<\/strong> es tu mejor opci\u00f3n.<\/span><\/h3>\t\t\t\t\t\t<\/div>\n\t\t\t\t<\/div>\n\t\t\t\t\t<\/div>\n\t\t<\/div>\n\t\t\t\t\t\t\t<\/div>\n\t\t<\/section>\n\t\t\t\t<section class=\"elementor-section elementor-top-section elementor-element elementor-element-b033218 elementor-section-boxed elementor-section-height-default elementor-section-height-default\" data-id=\"b033218\" data-element_type=\"section\" data-settings=\"{&quot;_ha_eqh_enable&quot;:false}\">\n\t\t\t\t\t\t<div class=\"elementor-container elementor-column-gap-default\">\n\t\t\t\t\t<div class=\"elementor-column elementor-col-33 elementor-top-column elementor-element elementor-element-a47f90c\" data-id=\"a47f90c\" data-element_type=\"column\">\n\t\t\t<div class=\"elementor-widget-wrap elementor-element-populated\">\n\t\t\t\t\t\t\t\t<div class=\"elementor-element elementor-element-ce038d7 elementor-position-top elementor-vertical-align-top elementor-widget elementor-widget-image-box\" data-id=\"ce038d7\" data-element_type=\"widget\" data-widget_type=\"image-box.default\">\n\t\t\t\t<div class=\"elementor-widget-container\">\n\t\t\t<style>\/*! elementor - v3.10.0 - 09-01-2023 *\/\n.elementor-widget-image-box .elementor-image-box-content{width:100%}@media (min-width:768px){.elementor-widget-image-box.elementor-position-left .elementor-image-box-wrapper,.elementor-widget-image-box.elementor-position-right .elementor-image-box-wrapper{display:flex}.elementor-widget-image-box.elementor-position-right .elementor-image-box-wrapper{text-align:right;flex-direction:row-reverse}.elementor-widget-image-box.elementor-position-left .elementor-image-box-wrapper{text-align:left;flex-direction:row}.elementor-widget-image-box.elementor-position-top .elementor-image-box-img{margin:auto}.elementor-widget-image-box.elementor-vertical-align-top .elementor-image-box-wrapper{align-items:flex-start}.elementor-widget-image-box.elementor-vertical-align-middle .elementor-image-box-wrapper{align-items:center}.elementor-widget-image-box.elementor-vertical-align-bottom .elementor-image-box-wrapper{align-items:flex-end}}@media (max-width:767px){.elementor-widget-image-box .elementor-image-box-img{margin-left:auto!important;margin-right:auto!important;margin-bottom:15px}}.elementor-widget-image-box .elementor-image-box-img{display:inline-block}.elementor-widget-image-box .elementor-image-box-title a{color:inherit}.elementor-widget-image-box .elementor-image-box-wrapper{text-align:center}.elementor-widget-image-box .elementor-image-box-description{margin:0}<\/style><div class=\"elementor-image-box-wrapper\"><figure class=\"elementor-image-box-img\"><img loading=\"lazy\" decoding=\"async\" width=\"640\" height=\"640\" src=\"https:\/\/i0.wp.com\/cyber-lab.com.mx\/website\/wp-content\/uploads\/2022\/06\/70229-contact-us.gif?fit=640%2C640&amp;ssl=1\" class=\"attachment-full size-full wp-image-98\" alt=\"\" \/><\/figure><div class=\"elementor-image-box-content\"><h3 class=\"elementor-image-box-title\">contacto@cyber-lab.com.mx<\/h3><\/div><\/div>\t\t<\/div>\n\t\t\t\t<\/div>\n\t\t\t\t\t<\/div>\n\t\t<\/div>\n\t\t\t\t<div class=\"elementor-column elementor-col-33 elementor-top-column elementor-element elementor-element-cb734bb\" data-id=\"cb734bb\" data-element_type=\"column\">\n\t\t\t<div class=\"elementor-widget-wrap elementor-element-populated\">\n\t\t\t\t\t\t\t\t<div class=\"elementor-element elementor-element-ba654fb elementor-position-top elementor-vertical-align-top elementor-widget elementor-widget-image-box\" data-id=\"ba654fb\" data-element_type=\"widget\" data-widget_type=\"image-box.default\">\n\t\t\t\t<div class=\"elementor-widget-container\">\n\t\t\t<div class=\"elementor-image-box-wrapper\"><figure class=\"elementor-image-box-img\"><img loading=\"lazy\" decoding=\"async\" width=\"640\" height=\"640\" src=\"https:\/\/i0.wp.com\/cyber-lab.com.mx\/website\/wp-content\/uploads\/2022\/06\/91042-phone.gif?fit=640%2C640&amp;ssl=1\" class=\"attachment-full size-full wp-image-97\" alt=\"\" \/><\/figure><div class=\"elementor-image-box-content\"><h3 class=\"elementor-image-box-title\">(55) 4208 3099 \/  3872 9307<\/h3><\/div><\/div>\t\t<\/div>\n\t\t\t\t<\/div>\n\t\t\t\t\t<\/div>\n\t\t<\/div>\n\t\t\t\t<div class=\"elementor-column elementor-col-33 elementor-top-column elementor-element elementor-element-cb671b4\" data-id=\"cb671b4\" data-element_type=\"column\">\n\t\t\t<div class=\"elementor-widget-wrap elementor-element-populated\">\n\t\t\t\t\t\t\t\t<div class=\"elementor-element elementor-element-a45fc6e elementor-position-top elementor-vertical-align-top elementor-widget elementor-widget-image-box\" data-id=\"a45fc6e\" data-element_type=\"widget\" data-widget_type=\"image-box.default\">\n\t\t\t\t<div class=\"elementor-widget-container\">\n\t\t\t<div class=\"elementor-image-box-wrapper\"><figure class=\"elementor-image-box-img\"><img loading=\"lazy\" decoding=\"async\" width=\"640\" height=\"640\" src=\"https:\/\/i0.wp.com\/cyber-lab.com.mx\/website\/wp-content\/uploads\/2022\/06\/103681-map-directions-colorful.gif?fit=640%2C640&amp;ssl=1\" class=\"attachment-full size-full wp-image-99\" alt=\"\" \/><\/figure><div class=\"elementor-image-box-content\"><h3 class=\"elementor-image-box-title\">Quer\u00e9taro y Edo. M\u00e9xico<\/h3><p class=\"elementor-image-box-description\">, Matriz: Calle Eje 4, mz12, Lt 9, Col. Ampliaci\u00f3n Ciudad Lago, Nezahualc\u00f3yotl. Estado de M\u00e9xico, CP- 57185<\/p><\/div><\/div>\t\t<\/div>\n\t\t\t\t<\/div>\n\t\t\t\t\t<\/div>\n\t\t<\/div>\n\t\t\t\t\t\t\t<\/div>\n\t\t<\/section>\n\t\t\t\t<section class=\"elementor-section elementor-top-section elementor-element elementor-element-63b347f elementor-section-height-min-height elementor-section-boxed elementor-section-height-default elementor-section-items-middle\" data-id=\"63b347f\" data-element_type=\"section\" data-settings=\"{&quot;background_background&quot;:&quot;classic&quot;,&quot;shape_divider_top&quot;:&quot;curve-asymmetrical&quot;,&quot;shape_divider_top_negative&quot;:&quot;yes&quot;,&quot;shape_divider_bottom&quot;:&quot;curve-asymmetrical&quot;,&quot;shape_divider_bottom_negative&quot;:&quot;yes&quot;}\">\n\t\t\t\t\t\t\t<div class=\"elementor-background-overlay\"><\/div>\n\t\t\t\t\t\t<div class=\"elementor-shape elementor-shape-top\" data-negative=\"true\">\n\t\t\t<svg xmlns=\"http:\/\/www.w3.org\/2000\/svg\" viewBox=\"0 0 1000 100\" preserveAspectRatio=\"none\">\n\t<path class=\"elementor-shape-fill\" d=\"M615.2,96.7C240.2,97.8,0,18.9,0,0v100h1000V0C1000,19.2,989.8,96,615.2,96.7z\"\/>\n<\/svg>\t\t<\/div>\n\t\t\t\t<div class=\"elementor-shape elementor-shape-bottom\" data-negative=\"true\">\n\t\t\t<svg xmlns=\"http:\/\/www.w3.org\/2000\/svg\" viewBox=\"0 0 1000 100\" preserveAspectRatio=\"none\">\n\t<path class=\"elementor-shape-fill\" d=\"M615.2,96.7C240.2,97.8,0,18.9,0,0v100h1000V0C1000,19.2,989.8,96,615.2,96.7z\"\/>\n<\/svg>\t\t<\/div>\n\t\t\t\t\t<div class=\"elementor-container elementor-column-gap-default\">\n\t\t\t\t\t<div class=\"elementor-column elementor-col-100 elementor-top-column elementor-element elementor-element-f742583\" data-id=\"f742583\" data-element_type=\"column\">\n\t\t\t<div class=\"elementor-widget-wrap elementor-element-populated\">\n\t\t\t\t\t\t\t\t<div class=\"elementor-element elementor-element-98581f3 eael-contact-form-7-button-align-left eael-contact-form-7-button-custom elementor-widget elementor-widget-eael-contact-form-7\" data-id=\"98581f3\" data-element_type=\"widget\" data-widget_type=\"eael-contact-form-7.default\">\n\t\t\t\t<div class=\"elementor-widget-container\">\n\t\t\t<div class=\"eael-contact-form-7-wrapper\">\n                <div class=\"eael-contact-form eael-contact-form-7 eael-contact-form-98581f3 placeholder-show eael-contact-form-align-center\"><div class=\"eael-contact-form-7-heading\"><h3 class=\"eael-contact-form-title eael-contact-form-7-title\">\n                                    Contactanos\n                                <\/h3><div class=\"eael-contact-form-description eael-contact-form-7-description\"> D\u00e9janos tus datos y en breve nos comunicaremos contigo para solucionar todas tus dudas\n                            <\/div><\/div><div class=\"wpcf7 no-js\" id=\"wpcf7-f4-o1\" lang=\"es-MX\" dir=\"ltr\">\n<div class=\"screen-reader-response\"><p role=\"status\" aria-live=\"polite\" aria-atomic=\"true\"><\/p> <ul><\/ul><\/div>\n<form action=\"\/website\/index.php\/wp-json\/wp\/v2\/pages\/94#wpcf7-f4-o1\" method=\"post\" class=\"wpcf7-form init\" aria-label=\"Formulario de contacto\" novalidate=\"novalidate\" data-status=\"init\">\n<div style=\"display: none;\">\n<input type=\"hidden\" name=\"_wpcf7\" value=\"4\" \/>\n<input type=\"hidden\" name=\"_wpcf7_version\" value=\"5.7.2\" \/>\n<input type=\"hidden\" name=\"_wpcf7_locale\" value=\"es_MX\" \/>\n<input type=\"hidden\" name=\"_wpcf7_unit_tag\" value=\"wpcf7-f4-o1\" \/>\n<input type=\"hidden\" name=\"_wpcf7_container_post\" value=\"0\" \/>\n<input type=\"hidden\" name=\"_wpcf7_posted_data_hash\" value=\"\" \/>\n<\/div>\n<p><label> Tu nombre<br \/>\n<span class=\"wpcf7-form-control-wrap\" data-name=\"your-name\"><input size=\"40\" class=\"wpcf7-form-control wpcf7-text wpcf7-validates-as-required\" aria-required=\"true\" aria-invalid=\"false\" value=\"\" type=\"text\" name=\"your-name\" \/><\/span> <\/label>\n<\/p>\n<p><label> Tu correo electr\u00f3nico<br \/>\n<span class=\"wpcf7-form-control-wrap\" data-name=\"your-email\"><input size=\"40\" class=\"wpcf7-form-control wpcf7-text wpcf7-email wpcf7-validates-as-required wpcf7-validates-as-email\" aria-required=\"true\" aria-invalid=\"false\" value=\"\" type=\"email\" name=\"your-email\" \/><\/span> <\/label>\n<\/p>\n<p><label> Asunto<br \/>\n<span class=\"wpcf7-form-control-wrap\" data-name=\"your-subject\"><input size=\"40\" class=\"wpcf7-form-control wpcf7-text wpcf7-validates-as-required\" aria-required=\"true\" aria-invalid=\"false\" value=\"\" type=\"text\" name=\"your-subject\" \/><\/span> <\/label>\n<\/p>\n<p><label> Tu mensaje (opcional)<br \/>\n<span class=\"wpcf7-form-control-wrap\" data-name=\"your-message\"><textarea cols=\"40\" rows=\"10\" class=\"wpcf7-form-control wpcf7-textarea\" aria-invalid=\"false\" name=\"your-message\"><\/textarea><\/span> <\/label>\n<\/p>\n<p><input class=\"wpcf7-form-control has-spinner wpcf7-submit\" type=\"submit\" value=\"Enviar\" \/>\n<\/p><p style=\"display: none !important;\"><label>&#916;<textarea name=\"_wpcf7_ak_hp_textarea\" cols=\"45\" rows=\"8\" maxlength=\"100\"><\/textarea><\/label><input type=\"hidden\" id=\"ak_js_1\" name=\"_wpcf7_ak_js\" value=\"172\"\/><script>document.getElementById( \"ak_js_1\" ).setAttribute( \"value\", ( new Date() ).getTime() );<\/script><\/p><div class=\"wpcf7-response-output\" aria-hidden=\"true\"><\/div><\/form><\/div><\/div>\n            <\/div>\t\t<\/div>\n\t\t\t\t<\/div>\n\t\t\t\t\t<\/div>\n\t\t<\/div>\n\t\t\t\t\t\t\t<\/div>\n\t\t<\/section>\n\t\t\t\t\t\t\t<\/div>\n\t\t","protected":false},"excerpt":{"rendered":"<p>\u00a1Cont\u00e1ctanos y juntos modernicemos tu laboratorio! \u00bfEstas listo para dar el primer paso y poder llevar tu\u00a0 laboratorio a cualquier lugar y en cualquier dispositivo? CyberLab es tu mejor opci\u00f3n. contacto@cyber-lab.com.mx (55) 4208 3099 \/ 3872 9307 Quer\u00e9taro y Edo. M\u00e9xico , Matriz: Calle Eje 4, mz12, Lt 9, Col. Ampliaci\u00f3n Ciudad Lago, Nezahualc\u00f3yotl. Estado &hellip;<\/p>\n<p class=\"read-more\"> <a class=\"\" href=\"https:\/\/cyber-lab.com.mx\/website\/index.php\/contacto\/\"> <span class=\"screen-reader-text\">Contacto<\/span> Leer m\u00e1s &raquo;<\/a><\/p>\n","protected":false},"author":1,"featured_media":0,"parent":0,"menu_order":0,"comment_status":"closed","ping_status":"closed","template":"","meta":{"content-type":"","site-sidebar-layout":"no-sidebar","site-content-layout":"page-builder","ast-global-header-display":"","ast-main-header-display":"","ast-hfb-above-header-display":"","ast-hfb-below-header-display":"","ast-hfb-mobile-header-display":"","site-post-title":"disabled","ast-breadcrumbs-content":"","ast-featured-img":"disabled","footer-sml-layout":"","theme-transparent-header-meta":"default","adv-header-id-meta":"","stick-header-meta":"","header-above-stick-meta":"","header-main-stick-meta":"","header-below-stick-meta":"","_joinchat":[],"footnotes":""},"class_list":["post-94","page","type-page","status-publish","hentry"],"yoast_head":"<!-- This site is optimized with the Yoast SEO plugin v24.4 - https:\/\/yoast.com\/wordpress\/plugins\/seo\/ -->\n<title>Contacto - CyberLab<\/title>\n<meta name=\"robots\" content=\"index, follow, max-snippet:-1, max-image-preview:large, max-video-preview:-1\" \/>\n<link rel=\"canonical\" href=\"https:\/\/cyber-lab.com.mx\/website\/index.php\/contacto\/\" \/>\n<meta property=\"og:locale\" content=\"es_MX\" \/>\n<meta property=\"og:type\" content=\"article\" \/>\n<meta property=\"og:title\" content=\"Contacto - CyberLab\" \/>\n<meta property=\"og:description\" content=\"\u00a1Cont\u00e1ctanos y juntos modernicemos tu laboratorio! \u00bfEstas listo para dar el primer paso y poder llevar tu\u00a0 laboratorio a cualquier lugar y en cualquier dispositivo? CyberLab es tu mejor opci\u00f3n. contacto@cyber-lab.com.mx (55) 4208 3099 \/ 3872 9307 Quer\u00e9taro y Edo. M\u00e9xico , Matriz: Calle Eje 4, mz12, Lt 9, Col. Ampliaci\u00f3n Ciudad Lago, Nezahualc\u00f3yotl. Estado &hellip; Contacto Leer m\u00e1s &raquo;\" \/>\n<meta property=\"og:url\" content=\"https:\/\/cyber-lab.com.mx\/website\/index.php\/contacto\/\" \/>\n<meta property=\"og:site_name\" content=\"CyberLab\" \/>\n<meta property=\"article:modified_time\" content=\"2022-07-06T20:03:34+00:00\" \/>\n<meta property=\"og:image\" content=\"https:\/\/cyber-lab.com.mx\/website\/website\/wp-content\/uploads\/2022\/06\/70229-contact-us.gif\" \/>\n<meta name=\"twitter:card\" content=\"summary_large_image\" \/>\n<meta name=\"twitter:label1\" content=\"Tiempo de lectura\" \/>\n\t<meta name=\"twitter:data1\" content=\"1 minuto\" \/>\n<script type=\"application\/ld+json\" class=\"yoast-schema-graph\">{\"@context\":\"https:\/\/schema.org\",\"@graph\":[{\"@type\":\"WebPage\",\"@id\":\"https:\/\/cyber-lab.com.mx\/website\/index.php\/contacto\/\",\"url\":\"https:\/\/cyber-lab.com.mx\/website\/index.php\/contacto\/\",\"name\":\"Contacto - CyberLab\",\"isPartOf\":{\"@id\":\"https:\/\/cyber-lab.com.mx\/website\/#website\"},\"primaryImageOfPage\":{\"@id\":\"https:\/\/cyber-lab.com.mx\/website\/index.php\/contacto\/#primaryimage\"},\"image\":{\"@id\":\"https:\/\/cyber-lab.com.mx\/website\/index.php\/contacto\/#primaryimage\"},\"thumbnailUrl\":\"https:\/\/cyber-lab.com.mx\/website\/website\/wp-content\/uploads\/2022\/06\/70229-contact-us.gif\",\"datePublished\":\"2022-06-21T17:50:58+00:00\",\"dateModified\":\"2022-07-06T20:03:34+00:00\",\"breadcrumb\":{\"@id\":\"https:\/\/cyber-lab.com.mx\/website\/index.php\/contacto\/#breadcrumb\"},\"inLanguage\":\"es\",\"potentialAction\":[{\"@type\":\"ReadAction\",\"target\":[\"https:\/\/cyber-lab.com.mx\/website\/index.php\/contacto\/\"]}]},{\"@type\":\"ImageObject\",\"inLanguage\":\"es\",\"@id\":\"https:\/\/cyber-lab.com.mx\/website\/index.php\/contacto\/#primaryimage\",\"url\":\"https:\/\/i0.wp.com\/cyber-lab.com.mx\/website\/wp-content\/uploads\/2022\/06\/70229-contact-us.gif?fit=640%2C640&ssl=1\",\"contentUrl\":\"https:\/\/i0.wp.com\/cyber-lab.com.mx\/website\/wp-content\/uploads\/2022\/06\/70229-contact-us.gif?fit=640%2C640&ssl=1\",\"width\":640,\"height\":640},{\"@type\":\"BreadcrumbList\",\"@id\":\"https:\/\/cyber-lab.com.mx\/website\/index.php\/contacto\/#breadcrumb\",\"itemListElement\":[{\"@type\":\"ListItem\",\"position\":1,\"name\":\"Inicio\",\"item\":\"https:\/\/cyber-lab.com.mx\/website\/\"},{\"@type\":\"ListItem\",\"position\":2,\"name\":\"Contacto\"}]},{\"@type\":\"WebSite\",\"@id\":\"https:\/\/cyber-lab.com.mx\/website\/#website\",\"url\":\"https:\/\/cyber-lab.com.mx\/website\/\",\"name\":\"CyberLab\",\"description\":\"Sistema integral para la administraci\u00f3n del Laboratorio Cl\u00ednico\",\"publisher\":{\"@id\":\"https:\/\/cyber-lab.com.mx\/website\/#organization\"},\"potentialAction\":[{\"@type\":\"SearchAction\",\"target\":{\"@type\":\"EntryPoint\",\"urlTemplate\":\"https:\/\/cyber-lab.com.mx\/website\/?s={search_term_string}\"},\"query-input\":{\"@type\":\"PropertyValueSpecification\",\"valueRequired\":true,\"valueName\":\"search_term_string\"}}],\"inLanguage\":\"es\"},{\"@type\":\"Organization\",\"@id\":\"https:\/\/cyber-lab.com.mx\/website\/#organization\",\"name\":\"CyberLab\",\"url\":\"https:\/\/cyber-lab.com.mx\/website\/\",\"logo\":{\"@type\":\"ImageObject\",\"inLanguage\":\"es\",\"@id\":\"https:\/\/cyber-lab.com.mx\/website\/#\/schema\/logo\/image\/\",\"url\":\"https:\/\/i0.wp.com\/cyber-lab.com.mx\/website\/wp-content\/uploads\/2022\/06\/cropped-cropped-cyberlab-2021-1.png?fit=1790%2C454&ssl=1\",\"contentUrl\":\"https:\/\/i0.wp.com\/cyber-lab.com.mx\/website\/wp-content\/uploads\/2022\/06\/cropped-cropped-cyberlab-2021-1.png?fit=1790%2C454&ssl=1\",\"width\":1790,\"height\":454,\"caption\":\"CyberLab\"},\"image\":{\"@id\":\"https:\/\/cyber-lab.com.mx\/website\/#\/schema\/logo\/image\/\"}}]}<\/script>\n<!-- \/ Yoast SEO plugin. -->","yoast_head_json":{"title":"Contacto - CyberLab","robots":{"index":"index","follow":"follow","max-snippet":"max-snippet:-1","max-image-preview":"max-image-preview:large","max-video-preview":"max-video-preview:-1"},"canonical":"https:\/\/cyber-lab.com.mx\/website\/index.php\/contacto\/","og_locale":"es_MX","og_type":"article","og_title":"Contacto - CyberLab","og_description":"\u00a1Cont\u00e1ctanos y juntos modernicemos tu laboratorio! \u00bfEstas listo para dar el primer paso y poder llevar tu\u00a0 laboratorio a cualquier lugar y en cualquier dispositivo? CyberLab es tu mejor opci\u00f3n. contacto@cyber-lab.com.mx (55) 4208 3099 \/ 3872 9307 Quer\u00e9taro y Edo. M\u00e9xico , Matriz: Calle Eje 4, mz12, Lt 9, Col. Ampliaci\u00f3n Ciudad Lago, Nezahualc\u00f3yotl. Estado &hellip; Contacto Leer m\u00e1s &raquo;","og_url":"https:\/\/cyber-lab.com.mx\/website\/index.php\/contacto\/","og_site_name":"CyberLab","article_modified_time":"2022-07-06T20:03:34+00:00","og_image":[{"url":"https:\/\/cyber-lab.com.mx\/website\/website\/wp-content\/uploads\/2022\/06\/70229-contact-us.gif","type":"","width":"","height":""}],"twitter_card":"summary_large_image","twitter_misc":{"Tiempo de lectura":"1 minuto"},"schema":{"@context":"https:\/\/schema.org","@graph":[{"@type":"WebPage","@id":"https:\/\/cyber-lab.com.mx\/website\/index.php\/contacto\/","url":"https:\/\/cyber-lab.com.mx\/website\/index.php\/contacto\/","name":"Contacto - CyberLab","isPartOf":{"@id":"https:\/\/cyber-lab.com.mx\/website\/#website"},"primaryImageOfPage":{"@id":"https:\/\/cyber-lab.com.mx\/website\/index.php\/contacto\/#primaryimage"},"image":{"@id":"https:\/\/cyber-lab.com.mx\/website\/index.php\/contacto\/#primaryimage"},"thumbnailUrl":"https:\/\/cyber-lab.com.mx\/website\/website\/wp-content\/uploads\/2022\/06\/70229-contact-us.gif","datePublished":"2022-06-21T17:50:58+00:00","dateModified":"2022-07-06T20:03:34+00:00","breadcrumb":{"@id":"https:\/\/cyber-lab.com.mx\/website\/index.php\/contacto\/#breadcrumb"},"inLanguage":"es","potentialAction":[{"@type":"ReadAction","target":["https:\/\/cyber-lab.com.mx\/website\/index.php\/contacto\/"]}]},{"@type":"ImageObject","inLanguage":"es","@id":"https:\/\/cyber-lab.com.mx\/website\/index.php\/contacto\/#primaryimage","url":"https:\/\/i0.wp.com\/cyber-lab.com.mx\/website\/wp-content\/uploads\/2022\/06\/70229-contact-us.gif?fit=640%2C640&ssl=1","contentUrl":"https:\/\/i0.wp.com\/cyber-lab.com.mx\/website\/wp-content\/uploads\/2022\/06\/70229-contact-us.gif?fit=640%2C640&ssl=1","width":640,"height":640},{"@type":"BreadcrumbList","@id":"https:\/\/cyber-lab.com.mx\/website\/index.php\/contacto\/#breadcrumb","itemListElement":[{"@type":"ListItem","position":1,"name":"Inicio","item":"https:\/\/cyber-lab.com.mx\/website\/"},{"@type":"ListItem","position":2,"name":"Contacto"}]},{"@type":"WebSite","@id":"https:\/\/cyber-lab.com.mx\/website\/#website","url":"https:\/\/cyber-lab.com.mx\/website\/","name":"CyberLab","description":"Sistema integral para la administraci\u00f3n del Laboratorio Cl\u00ednico","publisher":{"@id":"https:\/\/cyber-lab.com.mx\/website\/#organization"},"potentialAction":[{"@type":"SearchAction","target":{"@type":"EntryPoint","urlTemplate":"https:\/\/cyber-lab.com.mx\/website\/?s={search_term_string}"},"query-input":{"@type":"PropertyValueSpecification","valueRequired":true,"valueName":"search_term_string"}}],"inLanguage":"es"},{"@type":"Organization","@id":"https:\/\/cyber-lab.com.mx\/website\/#organization","name":"CyberLab","url":"https:\/\/cyber-lab.com.mx\/website\/","logo":{"@type":"ImageObject","inLanguage":"es","@id":"https:\/\/cyber-lab.com.mx\/website\/#\/schema\/logo\/image\/","url":"https:\/\/i0.wp.com\/cyber-lab.com.mx\/website\/wp-content\/uploads\/2022\/06\/cropped-cropped-cyberlab-2021-1.png?fit=1790%2C454&ssl=1","contentUrl":"https:\/\/i0.wp.com\/cyber-lab.com.mx\/website\/wp-content\/uploads\/2022\/06\/cropped-cropped-cyberlab-2021-1.png?fit=1790%2C454&ssl=1","width":1790,"height":454,"caption":"CyberLab"},"image":{"@id":"https:\/\/cyber-lab.com.mx\/website\/#\/schema\/logo\/image\/"}}]}},"jetpack_sharing_enabled":true,"_links":{"self":[{"href":"https:\/\/cyber-lab.com.mx\/website\/index.php\/wp-json\/wp\/v2\/pages\/94","targetHints":{"allow":["GET"]}}],"collection":[{"href":"https:\/\/cyber-lab.com.mx\/website\/index.php\/wp-json\/wp\/v2\/pages"}],"about":[{"href":"https:\/\/cyber-lab.com.mx\/website\/index.php\/wp-json\/wp\/v2\/types\/page"}],"author":[{"embeddable":true,"href":"https:\/\/cyber-lab.com.mx\/website\/index.php\/wp-json\/wp\/v2\/users\/1"}],"replies":[{"embeddable":true,"href":"https:\/\/cyber-lab.com.mx\/website\/index.php\/wp-json\/wp\/v2\/comments?post=94"}],"version-history":[{"count":24,"href":"https:\/\/cyber-lab.com.mx\/website\/index.php\/wp-json\/wp\/v2\/pages\/94\/revisions"}],"predecessor-version":[{"id":557,"href":"https:\/\/cyber-lab.com.mx\/website\/index.php\/wp-json\/wp\/v2\/pages\/94\/revisions\/557"}],"wp:attachment":[{"href":"https:\/\/cyber-lab.com.mx\/website\/index.php\/wp-json\/wp\/v2\/media?parent=94"}],"curies":[{"name":"wp","href":"https:\/\/api.w.org\/{rel}","templated":true}]}}